2 + 27*q - 159. Let h be a(9). What is y(h)?
-5
Let q(a) = -a**2 - 5*a - 10. Let s(b) = b**2 + 4*b + 11. Let j(t) = 5*q(t) + 4*s(t). Suppose -66*k - 203 - 140 = 53. Determine j(k).
12
Let f(x) = x**2 + 2. Let j be ((-4)/6)/(12/(-18)). Let k be f(j). Let q(b) = -b - k + 4 - 8. Give q(0).
-7
Let r = 286 - 175. Suppose -3*v + r = 3*b, -3*b + 3*v + 110 = 7*v. Suppose 4*l - 18 = -b. Let z(k) = k - 3. Calculate z(l).
-8
Let n(z) = 15*z**3 - 1. Let s(k) = -k**3 - 13*k**2 - 30*k - 1. Let d be 10*5/14 - 3/(-7). Suppose -q - 6 = d. Let v be s(q). What is n(v)?
-16
Let o(t) = -2*t**2 + 5*t + 12. Suppose 5*z - s = s + 37, -s + 20 = 3*z. Suppose -z*d - 443 = -478. Calculate o(d).
-13
Let c = 37 - 35. Suppose -c*i + 4 + 2 = 0. Suppose n - 25 = i*p, -4*p + 2*n - 3 = 31. Let w(a) = a + 11. What is w(p)?
3
Let z(f) = -f**3 + 8*f**2 - 4*f - 7. Let p = 13586 + -13583. Calculate z(p).
26
Let o(q) = -q**2 + 3*q - 9. Let x = 2465 + -2462. Determine o(x).
-9
Let m be (-4 + (-48)/(-9))*(-6)/(-4). Let y be 4/(-1 + 1 + m) + 25. Suppose 4*n = n + 5*b - 13, -3*b + y = -5*n. Let d(r) = r**2 + 7*r + 4. Calculate d(n).
-2
Let l(s) = -s**3 - 4*s**2 + 6*s + 19. Let g be -20 - (-10 + -20 - -15). What is l(g)?
14
Let g(p) = 5*p**2 - 2*p. Let c be g(1). Let d(w) = -4*w - w + c*w - 4*w**2 - w**3 - 6. Suppose -5*o + 2*o = 12. Calculate d(o).
2
Suppose -487 = -438*k - 2451 - 5044. Let x(s) = 7*s + 86. What is x(k)?
-26
Let n(j) = -j**2 - 14*j + 17. Suppose -3*p + 2966 = 3002. Give n(p).
41
Let n(z) = 25*z - 142. Let i(m) = 28*m - 161. Let v(p) = -6*i(p) + 7*n(p). Determine v(4).
0
Let l(i) be the third derivative of 0 + 0*i + 1/8*i**4 + 1/3*i**3 - 1/120*i**6 + 1/20*i**5 + 62*i**2. Give l(-2).
16
Let q(u) = u**3 + 3*u**2 - 3*u - 3. Suppose -i - 9 = -2*a, -2*a + 0*a + 6 = 0. Let y be 16/i - 21/(-9). What is q(y)?
6
Let m(o) = -25*o - 70. Let f(l) = -94*l - 282. Let q(d) = -6*f(d) + 23*m(d). Give q(8).
-6
Let p be (-67649)/7320 - 6/(-16) - (-4)/(-30). Let i(o) = 12*o**2 + 106*o - 11. Determine i(p).
7
Let n(b) be the first derivative of b**2 - 8*b - 1. Suppose -86 = -28*o - 2. Suppose 4*g - 30 = -o*l, 2*l - 2 = 3*g - 16. What is n(g)?
4
Let q(o) = 2*o**2 - 3*o - 4. Let y(x) = 3*x**2 - 4*x - 5. Let c(k) = -4*q(k) + 3*y(k). Let v be 361/(-2) + (-39)/(-26). Let j = -177 - v. What is c(j)?
5
Let t(p) = -p**2 + 11*p + 2. Let n = 105 + -62. Suppose -n = -2*f + 77. Let u be ((-32)/(-5) - 2)/(24/f). Determine t(u).
2
Let o(x) = -10*x + 42. Let u be o(4). Suppose 4*m + u*t = -1 - 5, -t = -1. Let a(b) = 4*b**2 + 2. Give a(m).
18
Let p(r) be the second derivative of r**3/3 - 9*r**2/2 - 11*r - 3. Let f(c) = 3*c - 17. Let q(d) = -3*f(d) + 5*p(d). What is q(0)?
6
Let s(q) be the third derivative of -q**5/60 + 5*q**4/6 + 32*q**3/3 - 8680*q**2 - 2*q. Calculate s(-3).
-5
Suppose -24 = -h - 3*h. Let c(u) = 17*u**2 - 1 + 4*u + 9 - 30*u**2 + 12*u**2. Let a be c(h). Let v(m) = m**3 + 3*m**2 - m + 1. Determine v(a).
-11
Let q(v) be the first derivative of -v**4/4 + 7*v**3/3 - v**2 - 7*v - 14. What is q(6)?
17
Let j(x) = 6*x**2 + 14*x + 16. Let l be (-2147)/1130 - (2/(-50))/(2/(-5)). What is j(l)?
12
Let q(p) = 7*p + 1. Let y(u) = -7*u - 1. Let o(i) = -4*q(i) - 3*y(i). Let f be 95/(-20) + 5 + (-65)/20. What is o(f)?
20
Let g(s) = -4*s + 15*s + 3*s**2 + 12*s**2 - 8*s - 15 - s**3 - 8*s**2. Give g(7).
6
Let p(l) be the third derivative of 0 - 1/120*l**6 - 1/2*l**3 - 1/30*l**5 + 3*l - 4*l**2 + 0*l**4. What is p(-3)?
6
Let w(k) = -3*k**3 - 3*k**2 - 4*k - 6. Let n be w(-2). Let p be (-4)/n + (-195129)/(-63). Let c(u) = p + 5*u - 3097. Give c(-2).
-10
Let v(k) be the first derivative of -2*k**2 + 4*k + 7459. What is v(3)?
-8
Let f(a) be the first derivative of a**4/4 - 2*a**3 - 7*a**2/2 + 16*a - 888. Give f(7).
16
Let z(d) be the first derivative of -7*d**3/3 + d**2/2 + 9*d + 44. Let s(j) = -3*j + 5*j - 4*j - j**2 + 1 + j. Let q(v) = 6*s(v) - z(v). Calculate q(5).
-13
Suppose 717*r = 724*r - 154. Let c be r/(-20)*(-420)/42. Let m(l) = l**2 - 13*l + 10. Calculate m(c).
-12
Suppose 79*f - 70*f - 198 = 0. Suppose -f*s + 54 = -13*s. Let i(k) = k**3 - 4*k**2 - 10*k + 7. What is i(s)?
19
Let z(c) = 17*c - 1. Let a(h) = -h**2 - 120*h + 10. Let o(r) = -a(r) - 6*z(r). Calculate o(-17).
-21
Let j(z) = -z**2 + 9*z - 15. Let x(v) = -3*v**2 + 17*v - 29. Let m be 0/2 + -3 - -1. Let q(t) = m*x(t) + 5*j(t). Calculate q(-12).
-5
Let l(d) = d - 15. Suppose -4*v = -3*v - 27. Suppose 0 = -33*f + v*f. Determine l(f).
-15
Let g(f) be the third derivative of -1/8*f**4 + f**2 + 0 - 4/3*f**3 + 0*f. Let l be (5/30)/((-20)/240) + -2. Determine g(l).
4
Let a(t) = 1 - 5*t + 2 - 8*t. Let u(c) be the first derivative of -7*c**2/2 + 2*c + 173. Let v(f) = 6*a(f) - 11*u(f). Calculate v(-8).
4
Let a(b) = 0*b**3 + 1 - 7*b**2 + 5 + 8*b - 10*b + 1 - b**3. Let r = -11 + 6. What is a(r)?
-33
Let c(l) be the second derivative of 7*l**3/6 - 5*l**2 + 270564*l. Let q(f) = f**2 - 3*f. Let a be q(4). What is c(a)?
18
Let c(r) = 6*r - 30. Let z(d) = 4*d - 20. Let f = -140 + 135. Let b(g) = f*c(g) + 8*z(g). Determine b(8).
6
Suppose 0 = -30*f + 77*f + 235. Let k(o) be the third derivative of 2*o**2 + 5/6*o**3 - 1/8*o**4 + 0*o + 0 - 1/60*o**5. Determine k(f).
-5
Let v be 21/12 - -3*(-2)/(-24). Let x(z) = -8 + 1 + z**2 + 11*z**2 - 8*z**v. Let l(i) = 5*i**2 - 6. Let o(w) = -6*l(w) + 5*x(w). Determine o(1).
-9
Suppose -3*b + 64*f = 63*f + 17, 0 = -b + 3*f - 11. Let u(d) be the first derivative of -1/4*d**4 - 2*d**3 - d + 2 - d**2. What is u(b)?
-16
Let x(n) = n**2 - 17*n + 50. Let m(b) = 6*b**2 - 224*b - 224. Let u be m(-1). Determine x(u).
-16
Let x(k) = k**3 - 4*k**2 + k + 5. Let q(g) = g**2 - 11*g + 11. Let i be q(10). Suppose m + i = -c, -31 = -4*c - 2*m + 5*m. Determine x(c).
9
Let y(a) = -10*a + 383. Let f(q) = q - 35. Let r(w) = 11*f(w) + y(w). Let b be 8 + (-3)/(-3)*2. Determine r(b).
8
Let k(q) be the second derivative of q**4/12 + 11*q**3/6 + 5*q**2 - 3*q + 3238. What is k(-7)?
-18
Suppose -53*s + 35 = -46*s. Let v(g) = g**2 + 13*g - 78. Let y be v(s). Let j(h) = -3*h + 10 + 2*h - 1. What is j(y)?
-3
Let f(g) = 15*g - 9. Let h be -4 - (-16)/((-28)/(-14)). Determine f(h).
51
Let w(n) be the first derivative of -n**3 - n**2 - 3*n + 3. Suppose -6*h + g + 2 = -5*h, 3*g = 3. Calculate w(h).
-36
Suppose 32*i = -56*i + 4*i. Let p(h) = 2*h**2 + 2*h + 6. Determine p(i).
6
Let s(k) = -k**2. Suppose -4*y + 6*x + 44 = 5*x, -32 = -2*y - 2*x. Suppose -y*m = -7*m + 15. Calculate s(m).
-9
Let n(c) be the first derivative of 3*c**2/2 - 12*c - 1. Suppose -224*a = -130*a - 116*a + 176. Calculate n(a).
12
Let v(q) = q**2 - 2. Let t(z) = -18 + 19*z - 23 + 31*z - z**2 - 66*z. Let h(o) = -o**3 + 8*o**2 - 10*o + 8. Let a be h(7). Let x be t(a). What is v(x)?
2
Suppose -513*o + 3*g = -508*o - 17, -2*o + 26 = 2*g. Let f(n) = -9*n + 70. Give f(o).
7
Let v(a) = -4*a**2 - 2*a - 10 + 2 + 10*a + 3*a**2. Let l(i) = i - 3. Let c be l(-5). Let h be 122/14 + -2 - c/28. What is v(h)?
-1
Let u(p) be the third derivative of 0*p + 0*p**3 - 7/120*p**6 - 4 + 13*p**2 + 1/60*p**5 + 0*p**4. Determine u(1).
-6
Let l(k) = k**3 - 11*k**2 - 27*k + 15. Let f be l(13). Let r(y) be the first derivative of 5*y**2 - 3*y - 2. Determine r(f).
17
Let c(u) be the third derivative of u**4/24 - 3*u**3/2 - 3*u**2. Let x = 65 - 15. Suppose -3*p = -3*r - p + 30, 5*r + 2*p = x. What is c(r)?
1
Let v(g) be the first derivative of -g**4/24 + 5*g**3/6 + 2*g**2 - 7*g - 72. Let k(z) be the second derivative of v(z). What is k(4)?
1
Let f(u) = u**2 - 3*u - 11. Let x be f(4). Let r(l) = -l**2 - 2*l + 15. Calculate r(x).
-20
Let x(r) = 89*r**2 - 1332 + 1336 - 85*r**2 - 18*r. Give x(5).
14
Let v(u) = 4*u. Let h(r) = 6*r - 18. Let z be h(8). Suppose -3*f + 54 = -z. Suppose -f = 5*w - 3. What is v(w)?
-20
Let i(v) = -2*v - 19. Let g(l) = 2*l + 20. Let f(x) = 2*g(x) + 3*i(x). Suppose -8 = -60*u + 61*u - 2*c, 0 = 3*u - 7*c + 21. Calculate f(u).
11
Let u be -20 + 350/154*11. Let c(k) = -35*k + 187. Calculate c(u).
12
Suppose 18*k - 528 = -114*k. Let t(a) = a**3 - a**2 - 4*a + 17. What is t(k)?
49
Let c(y) = -y**2 + 13*y - 10. Suppose b + 18 = 5*w, w + 5*b - 4*b - 6 = 0. Let z(v) = -v**3 + 3*v**2 + 6*v + 4. Let j be z(w). Calculate c(j).
2
Let m(y) = -y**3 + 7*y**2 - 8*y - 2. Let s be ((-76)/16)/(1/(-4)) + -1. Suppose -4*v + 1